et z be q(-7). Calculate the greatest common factor of z and 632.
79
Let o be (4 + -2)/((-2)/(-8)). Let u be 10*(-7)/((-70)/o). What is the greatest common factor of 8 and u?
8
Let x(w) = -w + 48. Let z be x(-6). Let q be 24 + (0 - (-5 + 2)). What is the greatest common factor of q and z?
27
Let y = 323 - 322. What is the greatest common divisor of y and 9?
1
Let m(r) = -r**2 - 2*r. Let i be m(-8). Let y be i/(-2) + (-5 - -5). What is the greatest common divisor of 3 and y?
3
Let x = 113 - 3. What is the highest common divisor of x and 990?
110
Let z be (-7)/(105/(-340)) - (-8)/(-12). Calculate the highest common factor of 176 and z.
22
Let z be (1 + 3)*(-9 - (-13 - -2)). What is the greatest common divisor of 108 and z?
4
Suppose -8*m + 12*m - 8 = 0. Suppose 0*d = 3*d - m*j - 505, 510 = 3*d + 3*j. Calculate the greatest common divisor of 13 and d.
13
Suppose 53*r + 324 = 50*r. Let d = 138 + r. Calculate the greatest common divisor of d and 30.
30
Suppose 13*r + 14*r = 24057. What is the highest common factor of 162 and r?
81
Let s(g) = -15*g**3 - g**2. Let b = -4 + 3. Let v be s(b). Let r = -634 + 732. Calculate the highest common divisor of v and r.
14
Let t(o) = -7*o. Let w(q) = -7*q - 1. Let i(s) = -6*t(s) + 5*w(s). Let v be i(3). What is the highest common factor of 24 and v?
8
Let v = -1329 + 1481. What is the greatest common divisor of 64 and v?
8
Let w(l) be the second derivative of l**4/12 - 2*l**3/3 - 7*l**2 + l. Let v be w(7). Suppose 0*d = 2*d - 28. What is the highest common factor of v and d?
7
Suppose 4*t = 31 - 11. Let s(v) = -v**3 + 4*v**2 + 5*v - 1. Let z be s(t). Let a be (z - 25*-1)*1. What is the highest common divisor of a and 6?
6
Let v = 11 - 9. Suppose -5*u + 50 = -4*z, -6*u + v*u = 3*z - 40. Let l be (2 + 80/(-15))*-6. Calculate the highest common factor of u and l.
10
Suppose 5*i + 101 = 5*z + 1, 3*z + 3*i = 66. Let h = 39 - z. What is the highest common factor of 18 and h?
18
Suppose -2*n + 34 = -g, -13*g + 8*g = 10. Calculate the greatest common divisor of 296 and n.
8
Let c be 31 + 1 + 0/4. Let r = c + -23. Suppose 5*t = -3*l + 267, 0 = -4*t - 4*l + 63 + 149. Calculate the highest common divisor of t and r.
9
Let o be 30/3*(105/10)/3. What is the highest common divisor of o and 175?
35
Let h be 1 + 6/3 + 2. Let n = 85 - 49. Suppose c - h*c = -n. What is the highest common divisor of c and 1?
1
Let v(j) = j**2 - 3*j + 2. Let n be v(3). Suppose -n*u = -20 - 52. Suppose -6*l + 18 = -4*l. What is the highest common divisor of u and l?
9
Let t = -137 - -134. Let n be 3/t + 4 - -5. What is the highest common factor of n and 12?
4
Suppose -2*c + 4*s + 432 = 8*s, 0 = 5*c + 2*s - 1104. Suppose 0 = -4*f + 5*w + c + 303, 5*w + 265 = 2*f. What is the highest common factor of 52 and f?
26
Let f = 63 + 98. Let k = 121 - 75. Calculate the highest common factor of f and k.
23
Let i(m) = 2*m - 9. Let c be i(11). Suppose 3*o + 2 = 20. Let j be ((-333)/o - 3)*-2. What is the highest common factor of c and j?
13
Let f = -2401 + 2693. What is the highest common divisor of 12 and f?
4
Let h = 42 + -7. Let l = -24 + 29. Calculate the highest common divisor of h and l.
5
Let u(y) = -25*y**3 - y**2 - 20*y - 19. Let a be u(-1). Suppose -3*o + 245 = 4*g, 2*o - 2*g - 215 = -o. What is the highest common divisor of a and o?
25
Suppose 0*w = w - 9. Suppose -a + 0*a - 3*q + 15 = 0, 0 = a - 5*q - 15. Suppose 0 = 119*o - 114*o - a. What is the highest common factor of o and w?
3
Let n(b) = 2*b + 20. Let j be n(-6). Suppose 5*r = -3*y + 34, -5*r + 4*y + 24 = -3*r. What is the greatest common factor of r and j?
8
Let j be 2/(-9) - (64/36 + -4). Suppose 0 = -j*i + 125 + 35. What is the greatest common factor of i and 32?
16
Suppose -2*z + 2226 = -4324. What is the highest common factor of z and 25?
25
Let r(w) = -w**2 - 11*w - 12. Let q be r(-8). Let h be 1/(-6) + 350/q. Suppose 4*i = 4*l + 2*i - 580, 0 = -3*i. Calculate the highest common divisor of h and l.
29
Suppose 24 = c - 2*d, 3*d + d = -c + 24. Suppose -6*q - 6 = -54. Calculate the highest common factor of q and c.
8
Let o = 439 - 392. Calculate the greatest common factor of 188 and o.
47
Let l(r) = -2*r - 2. Let s be l(-5). Let v(f) = f**3 + 9*f**2 + 14*f - 5. Let x be v(-7). Let w = s - x. What is the highest common factor of 65 and w?
13
Let s = -1715 - -1745. What is the highest common divisor of 435 and s?
15
Let s = 610 - 592. What is the greatest common divisor of s and 90?
18
Suppose -g + 0*g + 2 = 0. Suppose -7*r - r = 24. Let x be (-4 - (-4)/4)/r. What is the greatest common factor of x and g?
1
Let p = 68 + -103. Let z = 63 + p. What is the greatest common divisor of 70 and z?
14
Let c be (-17)/(-2) + (-180)/(-360). Let d(f) = -17*f - 3. Let y be d(-6). Calculate the greatest common factor of y and c.
9
Let n be (-12)/6*(1 + 5*-4). What is the highest common factor of 1178 and n?
38
Let m(j) = -12*j. Let w be m(6). Let r = 74 + w. Calculate the greatest common factor of r and 2.
2
Let u be 23*(1 + -3 - (-10 + 3)). Let o = -2 + 5. Suppose 5*s - u = o*l - 8*l, 83 = 4*s + l. Calculate the greatest common factor of 60 and s.
20
Let s(r) = 17*r**2 + 19*r - 2. Let j be s(1). Calculate the greatest common factor of j and 782.
34
Let t be -5*6/(-15)*-12. Let b = 186 + t. Calculate the highest common factor of b and 18.
18
Suppose 5*m = x + 40, -5 = -6*m + m. Let u = -9 - x. Calculate the greatest common factor of u and 2.
2
Suppose -13*o + 93 = -24. What is the greatest common factor of 468 and o?
9
Let y = 141 + -137. Suppose -y*z = -z - 21. Calculate the highest common factor of 77 and z.
7
Suppose 55 + 7 = 2*k. Let x be ((-124)/5)/(1/(-5)). What is the greatest common divisor of k and x?
31
Let h = -1372 - -1396. Calculate the greatest common factor of h and 6.
6
Let o(q) = 0 + 2*q**2 - 3*q**2 + 14. Let m be o(0). Let a(j) = -j**3 + 7*j**2 - 4*j - 5. Let i be a(6). What is the greatest common divisor of m and i?
7
Suppose 60*z - 91*z + 14229 = 0. Calculate the greatest common divisor of 9 and z.
9
Let q be (36/10)/((-111)/(-370)). Calculate the highest common factor of 6 and q.
6
Suppose -3*v = -4*l + 114 - 5, -19 = -l - 2*v. Suppose -260 = -b - 5*p, 3*b + 3*p - 2*p = 822. Calculate the highest common divisor of l and b.
25
Suppose 4*l = 2*l + 18. Suppose -4*h + 179 = -5*c + 52, 0 = 2*h - 5*c - 71. Let o = 29 - h. Calculate the greatest common factor of o and l.
1
Suppose 3*w - 114 = 2*w. Let n = 46 + 32. Let x = w - n. What is the greatest common factor of 24 and x?
12
Let s(r) = -r**2 - 7*r + 5. Let z be s(-8). Let a = 9 + z. What is the greatest common factor of 15 and a?
3
Let h be (12/10)/((-6)/(-100)). Let v = -71 + 111. What is the highest common factor of v and h?
20
Suppose 33*p = 29*p. Let u be (-1100)/(-264) + ((-2)/12 - p). Let x be (-2)/8 - 98/(-8). Calculate the highest common factor of u and x.
4
Let d be (11061/21 - 8/(-28)) + -5. What is the highest common divisor of 18 and d?
18
Suppose -4*t = -2*t - 2. Let f be 19 - (t - 12/(-4)). Calculate the highest common factor of f and 15.
15
Suppose 5*u + 20 = 95. Let x = u - 11. What is the highest common factor of 1 and x?
1
Let q be 49/(-14)*2/(-2)*6. What is the greatest common factor of 147 and q?
21
Let s(c) = -4*c + 4. Let l be s(-6). Suppose -8 = r - 2*r. Suppose 2*z + 30 + r = 4*w, 4*w - l = 4*z. What is the highest common factor of 60 and w?
12
Let y(z) = 11*z**2 + 69*z + 198. Let r be y(-3). Calculate the greatest common factor of r and 72.
18
Let q = 113 - 67. Suppose q = 3*j + 25. What is the greatest common divisor of j and 63?
7
Let u(a) = 331*a**2 + a. Let s be u(-1). Suppose -s = -8*i + 710. Calculate the greatest common divisor of 13 and i.
13
Suppose -39*l = -36*l - 153. Suppose 3*y = 8*y - 85. What is the highest common divisor of y and l?
17
Let u(g) = 13*g**2 - 5*g + 4. Let o be u(4). Suppose o = 3*a + a. Suppose 4*p = 5*x + 58, -2*p + 7*p + 3*x = 54. Calculate the highest common factor of a and p.
12
Let d(k) = -k**2 - 5*k - 7. Let w be d(-5). Let c be (-5 - -11)/(2/w). Let u be (c/35)/((-2)/60). Calculate the greatest common factor of 2 and u.
2
Let j = 30 + -24. Let m(w) = -w + 3. Let k be m(j). Let h be 20/k*(-225)/10. Calculate the highest common factor of 15 and h.
15
Suppose 3*y + 2*t = 19, 5*